x composite?
False
Let d(j) = -15 - 18 + 7 - 9*j + 7*j. Let f be d(-12). Is (-2572)/(-2) - -3 - f prime?
True
Suppose -3*a = 4*o - 1230451, 46*a - 45*a - 5*o = 410144. Is a a prime number?
True
Let l be (-104)/(-6) - (51/(-9) - -5). Suppose -25*j + 26*j - l = 0. Suppose 3*r - 849 = j. Is r a composite number?
True
Suppose 367566 = 3*m - 3*h, 0 = 1750*m - 1753*m - 2*h + 367551. Is m prime?
False
Let w = -423 + 432. Suppose -14033 - 6028 = -w*r. Is r composite?
True
Suppose -3*p = 6*p - 1224. Let i = -9 + p. Is i a composite number?
False
Let o(q) = q - 5. Let a be o(11). Suppose 3*b + 6 = 5*x, -3*b - 9 = -a*b. Suppose x*m - 308 - 5827 = 0. Is m a composite number?
True
Let d(t) = -2901*t. Let m be d(-3). Suppose 0 = 2*g + 1561 - m. Is g composite?
False
Let a = 820 + -409. Suppose -5*y + 0*t - 2103 = t, y + 5*t = -a. Let d = y + 870. Is d composite?
False
Let b(u) = u**3 - 19*u**2 - u - 19. Let w be b(19). Let g = w + 38. Suppose g*t + 4*t = 248. Is t a composite number?
True
Let i be (4/6)/((-8)/24). Is ((-17)/34)/(i/4276) a composite number?
False
Suppose 2*f = -4*i + 3332, 4*i = 3*f + f - 6724. Suppose -4*m + 0*m = -f. Is m a composite number?
False
Let b(u) = -4780*u - 26. Let l(z) = -956*z - 5. Let r(i) = 2*b(i) - 11*l(i). Suppose 14*g - 22 + 8 = 0. Is r(g) prime?
False
Is (19/399*-14)/(4/(-229782)) composite?
True
Is (6 - 14) + 4 + 131435 a prime number?
True
Let z = 3780 + -1446. Let l = 557 + -1426. Let r = z - l. Is r a prime number?
True
Is (-13 - (-46368 + 12)) + (-6)/1 a prime number?
True
Suppose c - 88790 = -4*a, -8*a - 3*c = -6*a - 44380. Is a a composite number?
True
Suppose -47*o = -90*o + 416*o - 322640897. Is o a composite number?
False
Let b = -3828 + 10333. Is b a prime number?
False
Let o(m) = 1067*m + 15. Is o(1) a prime number?
False
Suppose -u = 2*w - 128747, 2*u - 195*w + 190*w = 257557. Is u prime?
True
Suppose 131 - 38 = 3*j. Let n = -100 - -146. Let l = n - j. Is l a prime number?
False
Suppose 5*c = 3*t + 78920, -47381 = -104*c + 101*c - 4*t. Is c composite?
False
Let c(g) = 3*g + 10495. Is c(0) prime?
False
Let m(p) = 2179*p + 3713. Is m(36) a prime number?
False
Let v(c) = 305*c**3 - 2*c**2 + 8*c - 6. Let r be v(3). Let s = -4448 + r. Is s a prime number?
False
Suppose -3*w + 5*j + 1930611 = 0, -1744173 = -3*w + 3*j + 186450. Is w composite?
False
Suppose 2*o - 13 = -7. Suppose 5*m = 3*k - 14, k = o*m + 3 + 3. Suppose -8*l - 5*z + 1701 = -4*l, -k*l + 1277 = 4*z. Is l prime?
True
Let p = 1236 + -695. Is (2 - (-4 - -8))/((-2)/p) composite?
False
Suppose 2*b = -4*k + 27226, -3*k + 5*k - 5*b - 13595 = 0. Is k a prime number?
False
Let j = -125 + 125. Suppose 15*q + 8*q - 90689 = j. Is q composite?
False
Let z(n) = -4*n**3 - 42*n**2 - 10*n - 235. Is z(-31) a composite number?
False
Suppose -192*d + 182*d = -205510. Let y = -13488 + d. Is y a prime number?
False
Is 146715 - -4 - (-180)/(-10) a composite number?
False
Let j = 6 + 5. Suppose -j = 2*i - 45. Suppose 36 = l - i. Is l a prime number?
True
Let b = -2 - -1. Let g(i) = 1 - 171*i**2 + i + 691*i**2 - 3 + 2. Is g(b) prime?
False
Let k be 10/(-10) + (7 - 0). Let n(i) = 76*i**2 - 12*i - 11. Is n(k) a prime number?
False
Suppose 7*r + 692 = 9*r. Let g = 871 - r. Let y = 2426 - g. Is y a prime number?
True
Suppose -347*m + 344*m - 22983 = -3*x, x = 3*m + 7645. Is x composite?
False
Let p be (-16 - -15)/((-2)/6)*-611. Let l = 3232 + p. Is l composite?
False
Suppose 11*p - 623402 - 1680946 = -p. Is p a prime number?
True
Is 275505*108/810 + (6 - (0 + 1)) a prime number?
True
Let z = 847 + -1305. Let x = 8737 + z. Is x composite?
True
Suppose -152*k + 1683258 = 2*a - 148*k, 2*k - 8 = 0. Is a a composite number?
True
Let u be 4 - (2 - (2 + -4)). Suppose -2*h + 3*q = -5*h, -5*h + 3*q = u. Suppose 5*n - 1432 = -0*n + 3*p, n - p - 286 = h. Is n composite?
True
Let f(d) be the third derivative of 13*d**5/5 + d**4/12 - 3*d**3/2 - 14*d**2. Let b be f(4). Let l = b - 1738. Is l a prime number?
True
Let b be 48/(-1)*(-5)/(-3 - 2). Let v = b - -64. Suppose -18*w + v*w + 4254 = 0. Is w composite?
True
Suppose -3*s + 3*c + 3 = 0, -s + 2*c + 2*c = 8. Is 890*10 + (2 - 7) + s composite?
True
Let r = 290 + -288. Suppose 3*a - 551 = -2*n, -5*n = 4*a - r*a - 349. Is a composite?
True
Suppose 15*k + 7*k + 462 = 0. Is (4 - (-1190)/k)/(6/(-423)) a prime number?
False
Let n = 14471 - 5096. Suppose 48176 - n = 7*u. Suppose 5*f = -4*l + 5523, 4*l = -5*f + 4*f + u. Is l a composite number?
True
Suppose c - 5*k - 75858 = 51935, 4*k = -c + 127739. Is c composite?
False
Let s = -121 - -125. Suppose -20 = -4*n, 3*t - s*n = -2*t + 69245. Is t a composite number?
True
Suppose 59*o = 66*o + 123228. Is 19/((-114)/o) + -1 composite?
True
Suppose 4*d = 0, 0 = -4*w + w + 3*d + 209163. Suppose w + 259 = 2*l. Is l/15 + 4/12 composite?
False
Let o = -79922 - -144859. Is o a composite number?
False
Let x = -12627 - -18008. Is x prime?
True
Suppose 13*y - 23 = 107. Is 8536/12*(-5)/(y/(-3)) a prime number?
False
Let f = 71931 - -11528. Is f a composite number?
False
Let b = 380 - -1106. Suppose 4*c - c = -3015. Let f = c + b. Is f a composite number?
True
Suppose 0 = h + a + 18, 3*h + h - 4*a = -56. Let c = -14 - h. Suppose c*v + 3*v + 4*f - 407 = 0, -9 = -3*f. Is v a prime number?
True
Let j(a) be the first derivative of -11*a**4/4 + 40*a**3/3 - 7*a**2 - 59*a + 184. Is j(-12) a prime number?
True
Let w(j) be the third derivative of -219*j**4/8 - 103*j**3/3 - 138*j**2. Is w(-15) a composite number?
False
Suppose 7*h - 3*h - 10 = c, 6 = 2*h. Is 10903/c*9/((-27)/(-6)) a prime number?
True
Let x(z) = 74*z**2 + 18*z + 39. Is x(-29) a composite number?
False
Suppose 5*t - 5*b + 5 = -0*b, t + b + 5 = 0. Let z(m) = 5*m - 24. Let c(i) = 16*i - 73. Let v(s) = t*c(s) + 8*z(s). Is v(-13) composite?
False
Let l(n) = 17207*n**2 - 14*n - 65. Is l(-6) a composite number?
False
Suppose 661272 + 316198 + 152035 = 13*u. Is u a prime number?
False
Suppose -2*c + 3*w = -1332664, -3*w - 2665322 = -893*c + 889*c. Is c a prime number?
True
Let d = 1239 + -2888. Let g = d + 2345. Let h = -133 + g. Is h prime?
True
Let a = -39883 - -89784. Is a a composite number?
True
Suppose -11*p - 205 = -1338. Suppose 4*q + 4*l = 1952, 1074 = 2*q - 3*l + p. Is q composite?
False
Suppose 93*b + 12236253 = 162*b. Is b prime?
True
Suppose 122 + 4260 = 7*w. Is w composite?
True
Suppose 0 = 12*a - 12148450 - 8212616 - 2250186. Is a composite?
True
Suppose 0 + 4 = o. Suppose 5*k = -15, -797 = 5*i - o*i - 2*k. Let h = 134 - i. Is h a composite number?
False
Let u be ((-2196)/45)/(-4) + 1/(-5). Suppose 1123 = -u*r + 33583. Is r composite?
True
Let k = -27 - -36. Let g be 2174/(2 + k/(-3)). Is (g/(-4))/(3/6) a prime number?
True
Suppose 0 = o + 2*g + 13154, 2*o + 0*g - g + 26283 = 0. Let p = o - -19553. Suppose -9270 = -4*b + s, 1783 - p = -2*b - 4*s. Is b a prime number?
False
Suppose -5700171 = -4*l + 2*m - 538329, -3*m + 6452330 = 5*l. Is l a composite number?
False
Let w(m) = -26*m - 68. Let r be w(-2). Let y(f) = 92*f**2 + 19*f + 67. Is y(r) a prime number?
False
Suppose 60 = 13*t + 2*t. Suppose 2934 = 2*c - t*o, -c = -3*o + 834 - 2296. Is c prime?
False
Suppose -3*g = 5*s + 11, -9 = 3*s - 0*s + 3*g. Is (28 - 9)/(s - (-20)/19) composite?
True
Let u(v) = -10 + 2 - 5*v**2 + 9*v + 4*v**2 + 2*v**2. Let p be u(-10). Suppose 0 = -5*b + 6*y - p*y + 5443, -2*y = -b + 1091. Is b a composite number?
False
Let t = 37 + -35. Suppose -t*h = 9 - 707. Suppose -k + b + h + 327 = 0, 5*b + 696 = k. Is k a composite number?
True
Suppose -12*i + 596864 + 815524 = 0. Is i a composite number?
True
Suppose 84 = 2*g + 4*i, 108 = 4*g - 0*i - 4*i. Let w be g/12 + 2/6. Suppose -2*z = -w*z - 3*v + 1207, 4 = 2*v. Is z prime?
True
Let t(f) = 13029*f - 9. Let w(b) = 26057*b - 20. Let r(z) = -5*t(z) + 3*w(z). Is r(1) prime?
False
Suppose -2*g = 2*i - 16, -4*i + 5*g + 48 = 61. Suppose -s + 40891 = 4*k, 5*k - 18775 - 32343 = i*s. Is k prime?
True
Let b(g) be the first derivative of 3*g**2/2 - 6*g - 3. Let y be b(4). Suppose y*d - 138 - 138 = 0. Is d prime?
False
Suppose 0 = -8*l - 4 - 4. Is ((-450553)/159)/(l/3) composite?
False
Let o = 58958 + 48035. Is o composite?
False
Let h be (1 - (-4)/(-2))*-2 + 34. Suppose -3*q = -3*w - 6*q - h, -3*w - q - 30 = 0. Is (-6901)/(-9) - 2/w a co